0010010000101
In base 4, what is 231132 + 3?
231201
In base 13, what is -5 + -10a?
-112
In base 8, what is 171 - -246?
437
In base 4, what is 11132 - -10?
11202
In base 5, what is -103 + 4?
-44
In base 9, what is 576 - 0?
576
In base 7, what is -2441 + -2?
-2443
In base 6, what is -25 + -3?
-32
In base 15, what is -197 + 4?
-193
In base 4, what is 1211212 - 10?
1211202
In base 11, what is -1 - 75?
-76
In base 12, what is 4 - 519?
-515
In base 9, what is 5 - 7?
-2
In base 11, what is -69 - 6?
-74
In base 10, what is -3 - -88?
85
In base 2, what is -110101 + -10001?
-1000110
In base 9, what is -8680 - -5?
-8674
In base 4, what is -2 - -203321?
203313
In base 13, what is 8 + 3a?
45
In base 5, what is 110 - 42?
13
In base 16, what is 7 - 47?
-40
In base 2, what is -111011101 - -100110?
-110110111
In base 10, what is -209 - 5?
-214
In base 16, what is 7af - 2?
7ad
In base 5, what is -430 - 43?
-1023
In base 4, what is 2213 + 0?
2213
In base 5, what is -1042 - 10?
-1102
In base 6, what is -4 + 541?
533
In base 6, what is -103 + -124?
-231
In base 15, what is 181 + -c?
174
In base 10, what is -1118 - 4?
-1122
In base 11, what is -a + -783?
-792
In base 13, what is 3407 + -5?
3402
In base 4, what is -221330 - 1?
-221331
In base 9, what is 3 + -133?
-130
In base 15, what is -289 + 2?
-287
In base 2, what is 10010 - 111011?
-101001
In base 15, what is -9 - -744?
73a
In base 3, what is -2101 - -2121?
20
In base 7, what is -11 + -11?
-22
In base 3, what is -101202021 - -12?
-101202002
In base 9, what is -1 + 31?
30
In base 5, what is -41 + -240?
-331
In base 2, what is -11110 + 110?
-11000
In base 3, what is -2011101212 - -12?
-2011101200
In base 12, what is -91 + -4?
-95
In base 8, what is 105 - 32?
53
In base 15, what is -3 + -70?
-73
In base 9, what is 2 + 1?
3
In base 6, what is 10 + -444?
-434
In base 16, what is 821 + -1?
820
In base 7, what is -12133 - 1?
-12134
In base 13, what is -a - -7?
-3
In base 15, what is 77 - 2?
75
In base 15, what is 30a - 5?
305
In base 11, what is 4 + 1081?
1085
In base 3, what is -2010102 - 202?
-2011011
In base 15, what is -1c + 12?
-a
In base 11, what is 16 + -154?
-139
In base 10, what is -882 - 1?
-883
In base 4, what is -203331 - 2?
-203333
In base 16, what is -5d - -4?
-59
In base 4, what is 132132 + 0?
132132
In base 2, what is 10 + 10111?
11001
In base 7, what is -51 - 12?
-63
In base 3, what is -1 - 1010112?
-1010120
In base 11, what is 3 - -5530?
5533
In base 10, what is 18 - -250?
268
In base 6, what is 511 + -12?
455
In base 7, what is -31502 + 2?
-31500
In base 11, what is -227 + -3?
-22a
In base 14, what is -662 - -2?
-660
In base 2, what is 101 + -10010?
-1101
In base 15, what is -2 + 22?
20
In base 2, what is 10111110100 - -101?
10111111001
In base 13, what is b + -2a?
-1c
In base 2, what is -11110 - 101?
-100011
In base 10, what is 94 + -18?
76
In base 7, what is 5 + -113?
-105
In base 11, what is -5 + -1855?
-185a
In base 16, what is 56 + 7?
5d
In base 16, what is -3 - -53?
50
In base 10, what is 13985 - 5?
13980
In base 6, what is 210445 - -2?
210451
In base 16, what is -8 - 16?
-1e
In base 3, what is 12 - 1120?
-1101
In base 8, what is 5 + 2640?
2645
In base 14, what is 46 + 4c?
94
In base 14, what is -19 - 29?
-44
In base 12, what is 10 - -ba?
10a
In base 11, what is -a0 - -2?
-99
In base 5, what is -423 - -4?
-414
In base 15, what is -4 - -7b9?
7b5
In base 4, what is -30131 + 11?
-30120
In base 4, what is 302123 - 2?
302121
In base 12, what is 10 + -35?
-25
In base 4, what is 3 + 1001?
1010
In base 10, what is -28 - 27?
-55
In base 4, what is 0 - -2000?
2000
In base 11, what is -22586 - -5?
-22581
In base 12, what is -57 - 12?
-69
In base 10, what is -5 - 26?
-31
In base 11, what is -411 + 5?
-407
In base 12, what is -76 + -4?
-7a
In base 7, what is -144 + -10?
-154
In base 16, what is -1458 - -1?
-1457
In base 16, what is -3b2 - -5?
-3ad
In base 15, what is -1 - 92?
-93
In base 4, what is -1120 + -1?
-1121
In base 3, what is 10 - 1121021?
-1121011
In base 13, what is -c + 2?
-a
In base 10, what is -85 - -11?
-74
In base 9, what is 8 - -310?
318
In base 5, what is 11233 + -3?
11230
In base 6, what is 4 + 125?
133
In base 8, what is -442 + 5?
-435
In base 12, what is 1b + -407?
-3a8
In base 11, what is 70 + -1?
6a
In base 6, what is -2131 + -41?
-2212
In base 3, what is 11 + 100202?
100220
In base 11, what is 20 + 4?
24
In base 2, what is -101010100 + 100?
-101010000
In base 10, what is 198 + -3?
195
In base 9, what is 5 - 228?
-223
In base 2, what is -1000 + -10110100100?
-10110101100
In base 4, what is 120 - -20211?
20331
In base 14, what is -18 - 62?
-7a
In base 3, what is -1120211 + 20?
-1120121
In base 8, what is 710 - 3?
705
In base 3, what is 21122 + -12?
21110
In base 16, what is -2 - -84?
82
In base 8, what is 2 - -16?
20
In base 8, what is 5 - -1037?
1044
In base 9, what is -2651 - -3?
-2647
In base 16, what is -a + -7d?
-87
In base 16, what is -4 - -a14?
a10
In base 15, what is 0 + -2e?
-2e
In base 12, what is -200 - 5?
-205
In base 12, what is -56 + 5?
-51
In base 7, what is -62 + -21?
-113
In base 3, what is 100222 - -2?
101001
In base 11, what is -1 + -a5?
-a6
In base 11, what is -190 - -9?
-182
In base 9, what is 57 + -3?
54
In base 7, what is 4 + 43?
50
In base 15, what is -88 - 0?
-88
In base 16, what is -3 - -1fa?
1f7
In base 3, what is 20121101 + -1?
20121100
In base 6, what is -4 - 145?
-153
In base 13, what is 3 + 4?
7
In base 5, what is 343 - -23?
421
In base 8, what is 3 - 0?
3
In base 10, what is 2 - -51?
53
In base 8, what is 2 - 134?
-132
In base 4, what is -12232 - -2?
-12230
In base 15, what is -2 + -18b?
-18d
In base 4, what is -100103 + 11?
-100032
In base 4, what is -301 - 31?
-332
In base 13, what is 534 + -7?
52a
In base 7, what is 3336 + 0?
3336
In base 14, what is -59 + -12?
-6b
In base 10, what is -7 + -17?
-24
In base 5, what is 1114 - -44?
1213
In base 10, what is 0 - 3269?
-3269
In base 3, what is 1210 + 2?
1212
In base 16, what is -b + -64?
-6f
In base 13, what is -6520 + 0?
-6520
In base 4, what is 112 - 3102?
-2330
In base 6, what is -25 + -3?
-32
In base 12, what is 5 - 122?
-119
In base 11, what is a6a + -3?
a67
In base 14, what is 3 - -982?
985
In base 11, what is -29 - 59?
-87
In base 6, what is 1511 + 4?
1515
In base 8, what is -425 - 5?
-432
In base 16, what is -1 + 13?
12
In base 13, what is 19 - -1b?
37
In base 5, what is 10303 - 4?
10244
In base 6, what is -4 - 244?
-252
In base 15, what is 4 - -197?
19b
In base 16, what is -4 + 139e?
139a
In base 11, what is -a - 14a?
-159
In base 8, what is 10 + 153?
163
In base 10, what is -11 + -72?
-83
In base 12, what is -2 + -1b?
-21
In base 2, what is -10001111 - -1?
-10001110
In base 9, what is 3 - 1?
2
In base 7, what is 30605 + -1?
30604
In base 11, what is 18 + 27?
44
In base 3, what is -2 - -2020102?
2020100
In base 7, what is 33 + 6?
42
In base 15, what is 1 - c?
-b
In base 16, what is 0 - -202?
202
In base 10, what is 2 - 229?
-227
In base 15, what is -1d + 73?
55
In base 11, what is 0 - -62?
62
In base 14, what is 4 - 6?
-2
In base 13, what is 0 + -3733?
-3733
In base 9, what is 33 - -547?
581
In base 12, what is 408 + -2?
406
In base 5, what is -42 - -41?
-1
In base 15, what is -2 - -e7?
e5
In base 3, what is -1 + 2002002?
2002001
In base 16, what is 2 + 5af?
5b1
In base 12, what is 327 + -20?
307
In base 7, what is 5 + -130?
-122
In base 8, what is 255 - -11?
266
In base 6, what is -121 + -14?
-135
In base 10, what is -121 + -1?
-122
In base 4, what is -103 + -12?
-121
In base 2, what is -11101 - 1101001?
-10000110
In base 8, what is -15 - 1512?
-1527
In base 6, what is -4 - -12?
4
In base 5, what is 3 - 21?
-13
In base 15, what is -99b + 1?
-99a
In base 2, what is -101 - -10010?
1101
In base 7, what is -21520 + -5?
-21525
In base 6, what is 10104 - -1?
10105
In base 6, what is 1152 + 3?
1155
In base 8, what is 11 + -445?
-434
In base 13, what is 1247 - 3?
1244
In base 5, what is 113 - -13?
131
In base 6, what is -2 + -25553?
-25555
In base 12, what is -13 - 126?
-139
In base 10, what is -165 + -57?
-222
In base 12, what is 9 - 175?
-168
In base 8, what is -252 - 54?
-326
In base 7, what is -2 - 123?
-125
In base 8, what is -1 + -712?
-713
In base 11, what is -116 + 7?
-10a
In base 6, what is